s the highest common divisor of 9061 and 527?
17
What is the greatest common divisor of 125004 and 396?
132
Calculate the greatest common divisor of 15724 and 28.
4
What is the highest common divisor of 28551 and 186?
93
Calculate the greatest common factor of 42 and 3196214.
14
What is the highest common factor of 172 and 1636408?
172
What is the greatest common factor of 191728 and 368?
368
What is the greatest common divisor of 225643 and 66?
11
Calculate the greatest common factor of 117 and 1027702.
13
What is the greatest common factor of 23110 and 310?
10
Calculate the highest common factor of 8363167 and 17.
17
Calculate the highest common divisor of 642 and 63237.
321
Calculate the greatest common factor of 78846 and 1428.
102
What is the highest common divisor of 16 and 46328?
8
Calculate the highest common factor of 3460 and 6260.
20
Calculate the highest common factor of 71 and 69012.
71
What is the greatest common factor of 14 and 96481?
7
Calculate the highest common divisor of 948 and 5286.
6
What is the highest common factor of 240 and 7460?
20
What is the greatest common factor of 114528 and 1936?
16
Calculate the highest common divisor of 18 and 736569.
9
What is the greatest common divisor of 253 and 17413?
11
Calculate the highest common factor of 10407 and 3170666.
3469
Calculate the greatest common divisor of 1788 and 85973.
149
What is the highest common factor of 229585 and 153?
17
What is the highest common divisor of 14063847 and 21?
21
What is the greatest common divisor of 121 and 4741?
11
What is the greatest common factor of 52466 and 370?
74
Calculate the greatest common factor of 62772 and 372.
12
What is the highest common factor of 207456 and 192?
96
Calculate the highest common factor of 2289 and 2625.
21
Calculate the highest common divisor of 858902 and 44.
22
What is the greatest common divisor of 1575 and 21105?
315
Calculate the greatest common factor of 8074 and 902.
22
Calculate the highest common divisor of 5184 and 6848.
64
Calculate the greatest common divisor of 22302 and 57078.
378
What is the greatest common divisor of 116 and 632084?
116
What is the highest common divisor of 304953 and 33?
33
Calculate the highest common factor of 10 and 56398.
2
Calculate the highest common divisor of 249 and 387610.
83
What is the highest common divisor of 50 and 86930?
10
Calculate the greatest common divisor of 9801 and 30976.
121
What is the greatest common divisor of 728 and 102536?
56
Calculate the greatest common factor of 4059 and 75339.
99
What is the highest common divisor of 364052 and 572?
52
What is the highest common divisor of 102357 and 101019?
669
Calculate the highest common divisor of 5451 and 1185.
237
What is the greatest common factor of 778 and 46?
2
Calculate the highest common factor of 19 and 393889.
19
What is the greatest common factor of 410 and 2635?
5
Calculate the greatest common factor of 336 and 947688.
168
Calculate the highest common factor of 1529 and 13483.
139
What is the highest common divisor of 12885 and 60?
15
Calculate the greatest common factor of 1496 and 616.
88
What is the greatest common factor of 68 and 285226?
34
What is the highest common factor of 140 and 70?
70
What is the highest common factor of 87705 and 1215?
45
Calculate the highest common divisor of 260640 and 362.
362
Calculate the highest common factor of 2521700 and 10.
10
What is the highest common factor of 240 and 59420?
20
Calculate the highest common factor of 4130 and 1456.
14
What is the greatest common divisor of 49672 and 75395?
887
What is the greatest common factor of 106679 and 428?
107
What is the greatest common factor of 10541 and 6350?
127
Calculate the highest common factor of 264228 and 144.
12
Calculate the highest common factor of 1336 and 2397953.
167
Calculate the highest common factor of 107908 and 4558.
106
Calculate the greatest common divisor of 236 and 5959.
59
Calculate the highest common factor of 2688 and 924.
84
What is the highest common divisor of 78435 and 216?
27
What is the highest common factor of 4201 and 1?
1
Calculate the greatest common divisor of 1196 and 5356.
52
What is the highest common divisor of 598 and 15002?
26
Calculate the greatest common divisor of 4655 and 22743.
133
What is the greatest common factor of 5554720 and 2235?
745
Calculate the highest common factor of 45704 and 148.
4
Calculate the highest common divisor of 10 and 198040.
10
Calculate the highest common divisor of 22116 and 5700.
228
Calculate the greatest common factor of 372 and 279.
93
What is the greatest common divisor of 37448 and 16?
8
What is the highest common divisor of 19 and 160189?
19
What is the greatest common factor of 11842 and 107342?
382
Calculate the highest common divisor of 1204 and 287.
7
What is the highest common factor of 2574 and 9100?
26
Calculate the greatest common divisor of 35773 and 664.
83
Calculate the greatest common divisor of 104 and 23452.
52
What is the greatest common divisor of 21082 and 37592?
254
Calculate the highest common factor of 64632 and 6.
6
What is the greatest common divisor of 30 and 30945?
15
Calculate the greatest common factor of 3834875 and 55.
55
Calculate the highest common divisor of 355 and 3105.
5
Calculate the highest common divisor of 64 and 4927424.
64
What is the greatest common divisor of 105 and 36225?
105
Calculate the greatest common divisor of 671 and 768661.
61
What is the highest common factor of 9875 and 42875?
125
Calculate the highest common factor of 41109 and 1704.
213
Calculate the greatest common factor of 209 and 28937.
19
What is the greatest common factor of 47487 and 33?
33
Calculate the greatest common factor of 7826 and 473.
43
Calculate the highest common divisor of 38 and 11267.
19
What is the highest common divisor of 112423 and 194?
97
Calculate the greatest common factor of 76 and 724280.
76
Calculate the highest common factor of 117 and 40196.
13
Calculate the greatest common factor of 10387 and 1651.
13
Calculate the highest common factor of 384 and 54592.
64
Calculate the greatest common divisor of 1529341 and 451.
451
Calculate the greatest common divisor of 455 and 371189.
91
Calculate the highest common divisor of 123285 and 30.
15
Calculate the greatest common divisor of 147 and 125671.
7
What is the highest common divisor of 5842 and 414?
46
What is the highest common divisor of 1566 and 667?
29
Calculate the highest common factor of 6890 and 8215.
265
Calculate the highest common factor of 1980 and 500.
20
What is the greatest common divisor of 86832 and 720?
144
Calculate the greatest common factor of 5609 and 1264.
79
Calculate the greatest common factor of 32226 and 7134.
246
Calculate the greatest common divisor of 264 and 33704.
88
Calculate the highest common divisor of 152 and 1043176.
152
Calculate the greatest common factor of 1266848 and 5632.
352
What is the greatest common divisor of 9108 and 20592?
396
What is the greatest common factor of 12 and 441048?
12
Calculate the highest common factor of 155480 and 104.
104
Calculate the highest common divisor of 36 and 423.
9
What is the highest common divisor of 166 and 49219?
83
Calculate the highest common factor of 64961 and 2223.
247
What is the greatest common divisor of 54 and 1330?
2
What is the highest common factor of 5061308 and 2499?
833
What is the greatest common factor of 88 and 294800?
88
What is the highest common divisor of 7935901 and 446?
223
What is the highest common factor of 184408 and 392?
56
Calculate the greatest common divisor of 102 and 343842.
102
What is the highest common divisor of 18031 and 292?
73
Calculate the greatest common divisor of 130 and 318110.
130
Calculate the highest common divisor of 323 and 7087.
19
Calculate the highest common divisor of 2 and 86798.
2
What is the highest common divisor of 465 and 8288160?
465
Calculate the highest common factor of 1040 and 1782560.
1040
Calculate the highest common divisor of 2058 and 183750.
294
Calculate the highest common divisor of 12 and 22128.
12
What is the greatest common divisor of 720 and 30572?
4
What is the greatest common factor of 1011 and 27?
3
Calculate the greatest common factor of 303783 and 327.
327
What is the greatest c